{"id":274,"date":"2017-07-18T17:50:31","date_gmt":"2017-07-18T17:50:31","guid":{"rendered":"http:\/\/www.naturheilatelier.ch\/?page_id=274"},"modified":"2025-03-10T15:46:27","modified_gmt":"2025-03-10T15:46:27","slug":"eignungs-und-laufbahnberatung","status":"publish","type":"page","link":"https:\/\/www.naturheilatelier.ch\/?page_id=274","title":{"rendered":"Eignungs- und Laufbahnberatung"},"content":{"rendered":"<p><img data-recalc-dims=\"1\" loading=\"lazy\" decoding=\"async\" data-attachment-id=\"400\" data-permalink=\"https:\/\/www.naturheilatelier.ch\/?attachment_id=400\" data-orig-file=\"https:\/\/i0.wp.com\/www.naturheilatelier.ch\/wp-content\/uploads\/2017\/07\/Laufbahnberatung.png?fit=1180%2C500&amp;ssl=1\" data-orig-size=\"1180,500\" data-comments-opened=\"1\" data-image-meta=\"{&quot;aperture&quot;:&quot;0&quot;,&quot;credit&quot;:&quot;&quot;,&quot;camera&quot;:&quot;&quot;,&quot;caption&quot;:&quot;&quot;,&quot;created_timestamp&quot;:&quot;0&quot;,&quot;copyright&quot;:&quot;&quot;,&quot;focal_length&quot;:&quot;0&quot;,&quot;iso&quot;:&quot;0&quot;,&quot;shutter_speed&quot;:&quot;0&quot;,&quot;title&quot;:&quot;&quot;,&quot;orientation&quot;:&quot;0&quot;}\" data-image-title=\"Laufbahnberatung\" data-image-description=\"\" data-image-caption=\"\" data-medium-file=\"https:\/\/i0.wp.com\/www.naturheilatelier.ch\/wp-content\/uploads\/2017\/07\/Laufbahnberatung.png?fit=300%2C127&amp;ssl=1\" data-large-file=\"https:\/\/i0.wp.com\/www.naturheilatelier.ch\/wp-content\/uploads\/2017\/07\/Laufbahnberatung.png?fit=960%2C407&amp;ssl=1\" class=\"alignleft wp-image-400 size-full\" src=\"https:\/\/i0.wp.com\/www.naturheilatelier.ch\/wp-content\/uploads\/2017\/07\/Laufbahnberatung.png?resize=960%2C407\" alt=\"\" width=\"960\" height=\"407\" srcset=\"https:\/\/i0.wp.com\/www.naturheilatelier.ch\/wp-content\/uploads\/2017\/07\/Laufbahnberatung.png?w=1180&amp;ssl=1 1180w, https:\/\/i0.wp.com\/www.naturheilatelier.ch\/wp-content\/uploads\/2017\/07\/Laufbahnberatung.png?resize=300%2C127&amp;ssl=1 300w, https:\/\/i0.wp.com\/www.naturheilatelier.ch\/wp-content\/uploads\/2017\/07\/Laufbahnberatung.png?resize=768%2C325&amp;ssl=1 768w, https:\/\/i0.wp.com\/www.naturheilatelier.ch\/wp-content\/uploads\/2017\/07\/Laufbahnberatung.png?resize=1024%2C434&amp;ssl=1 1024w\" sizes=\"auto, (max-width: 960px) 100vw, 960px\" \/><\/p>\n<p>Fragen wie \u201ewer bin ich?\u201c, \u201ewohin gehe ich ?\u201c bzw. \u201ewas m\u00f6chte ich erreichen?\u201c sind von zentraler Bedeutung, wenn wir gl\u00fccklich und erf\u00fcllt durchs Leben gehen wollen. So steht denn auch in der Psychophysiognomik der Mensch als Individuum im Zentrum \u2013 sein Weg wird als dynamischer Entwicklungsprozess aufgezeigt, so dass ein optimaler Verlauf angestrebt werden kann. Das pers\u00f6nliche Wohlbefinden, die Zufriedenheit und die Entfaltungsm\u00f6glichkeiten eines Menschen k\u00f6nnen mit Hilfe einer psychophysiognomischen Beratung nachhaltig verbessert werden.<\/p>\n","protected":false},"excerpt":{"rendered":"<p>Fragen wie \u201ewer bin ich?\u201c, \u201ewohin gehe ich ?\u201c bzw. \u201ewas m\u00f6chte ich erreichen?\u201c sind von zentraler Bedeutung, wenn wir gl\u00fccklich und erf\u00fcllt durchs Leben gehen wollen. So steht denn auch in der Psychophysiognomik der Mensch als Individuum im Zentrum \u2013 sein Weg wird als dynamischer &hellip; <\/p>\n<p><a href=\"https:\/\/www.naturheilatelier.ch\/?page_id=274\" class=\"more-link\"><span class=\"morelink-icon\">Weiterlesen<\/span><\/a><\/p>\n","protected":false},"author":1,"featured_media":0,"parent":18,"menu_order":11,"comment_status":"closed","ping_status":"closed","template":"","meta":{"jetpack_post_was_ever_published":false,"footnotes":""},"class_list":["post-274","page","type-page","status-publish","hentry"],"jetpack_sharing_enabled":true,"jetpack_shortlink":"https:\/\/wp.me\/P8ZKkB-4q","jetpack-related-posts":[],"_links":{"self":[{"href":"https:\/\/www.naturheilatelier.ch\/index.php?rest_route=\/wp\/v2\/pages\/274","targetHints":{"allow":["GET"]}}],"collection":[{"href":"https:\/\/www.naturheilatelier.ch\/index.php?rest_route=\/wp\/v2\/pages"}],"about":[{"href":"https:\/\/www.naturheilatelier.ch\/index.php?rest_route=\/wp\/v2\/types\/page"}],"author":[{"embeddable":true,"href":"https:\/\/www.naturheilatelier.ch\/index.php?rest_route=\/wp\/v2\/users\/1"}],"replies":[{"embeddable":true,"href":"https:\/\/www.naturheilatelier.ch\/index.php?rest_route=%2Fwp%2Fv2%2Fcomments&post=274"}],"version-history":[{"count":6,"href":"https:\/\/www.naturheilatelier.ch\/index.php?rest_route=\/wp\/v2\/pages\/274\/revisions"}],"predecessor-version":[{"id":599,"href":"https:\/\/www.naturheilatelier.ch\/index.php?rest_route=\/wp\/v2\/pages\/274\/revisions\/599"}],"up":[{"embeddable":true,"href":"https:\/\/www.naturheilatelier.ch\/index.php?rest_route=\/wp\/v2\/pages\/18"}],"wp:attachment":[{"href":"https:\/\/www.naturheilatelier.ch\/index.php?rest_route=%2Fwp%2Fv2%2Fmedia&parent=274"}],"curies":[{"name":"wp","href":"https:\/\/api.w.org\/{rel}","templated":true}]}}